What is the remainder when 71812 is divided by 660?
532
What is the remainder when 12905 is divided by 58?
29
What is the remainder when 23828 is divided by 99?
68
Calculate the remainder when 37791 is divided by 37767.
24
What is the remainder when 723 is divided by 13?
8
What is the remainder when 2773 is divided by 920?
13
What is the remainder when 58965 is divided by 2947?
25
Calculate the remainder when 11864 is divided by 418.
160
What is the remainder when 84994 is divided by 24?
10
Calculate the remainder when 2378 is divided by 776.
50
Calculate the remainder when 432669 is divided by 1766.
1765
What is the remainder when 1084 is divided by 99?
94
What is the remainder when 195114 is divided by 69?
51
Calculate the remainder when 2372 is divided by 182.
6
Calculate the remainder when 3267 is divided by 120.
27
What is the remainder when 24633 is divided by 24622?
11
Calculate the remainder when 70518 is divided by 164.
162
Calculate the remainder when 5505 is divided by 2721.
63
Calculate the remainder when 5873 is divided by 347.
321
What is the remainder when 22841 is divided by 81?
80
What is the remainder when 4688 is divided by 70?
68
Calculate the remainder when 1262774 is divided by 61.
13
What is the remainder when 991 is divided by 101?
82
Calculate the remainder when 31255 is divided by 4135.
2310
What is the remainder when 160678 is divided by 6?
4
What is the remainder when 10521 is divided by 573?
207
What is the remainder when 2617 is divided by 119?
118
What is the remainder when 609285 is divided by 20309?
15
Calculate the remainder when 56015 is divided by 323.
136
What is the remainder when 428 is divided by 72?
68
Calculate the remainder when 131701 is divided by 33.
31
Calculate the remainder when 643962 is divided by 106.
12
Calculate the remainder when 68625 is divided by 59.
8
Calculate the remainder when 9887 is divided by 82.
47
Calculate the remainder when 1401 is divided by 755.
646
What is the remainder when 25142 is divided by 299?
26
Calculate the remainder when 29300 is divided by 36.
32
What is the remainder when 20899 is divided by 674?
5
Calculate the remainder when 66167 is divided by 9450.
17
Calculate the remainder when 2206954 is divided by 353.
351
Calculate the remainder when 228904 is divided by 174.
94
What is the remainder when 66424 is divided by 181?
178
What is the remainder when 25567 is divided by 25562?
5
Calculate the remainder when 3072998 is divided by 47.
44
Calculate the remainder when 6677 is divided by 376.
285
What is the remainder when 43907 is divided by 357?
353
Calculate the remainder when 51345 is divided by 3.
0
What is the remainder when 47147 is divided by 46?
43
What is the remainder when 277784 is divided by 14?
10
Calculate the remainder when 6049 is divided by 217.
190
What is the remainder when 1231213 is divided by 56?
53
What is the remainder when 10666 is divided by 307?
228
Calculate the remainder when 17539 is divided by 5845.
4
Calculate the remainder when 266368 is divided by 10241.
102
Calculate the remainder when 47694 is divided by 6.
0
Calculate the remainder when 868 is divided by 78.
10
What is the remainder when 297238 is divided by 148606?
26
Calculate the remainder when 11861 is divided by 743.
716
Calculate the remainder when 17307 is divided by 19.
17
What is the remainder when 10281 is divided by 105?
96
Calculate the remainder when 211974 is divided by 5.
4
Calculate the remainder when 3208 is divided by 754.
192
What is the remainder when 19448 is divided by 359?
62
Calculate the remainder when 453718 is divided by 24.
22
What is the remainder when 44704 is divided by 4063?
11
Calculate the remainder when 13179 is divided by 13.
10
Calculate the remainder when 6796 is divided by 3121.
554
Calculate the remainder when 3889 is divided by 278.
275
What is the remainder when 5836 is divided by 1909?
109
Calculate the remainder when 10298 is divided by 54.
38
Calculate the remainder when 2318 is divided by 231.
8
What is the remainder when 3575506 is divided by 68?
66
What is the remainder when 384728 is divided by 451?
25
Calculate the remainder when 4650 is divided by 501.
141
What is the remainder when 122923 is divided by 269?
259
What is the remainder when 281932 is divided by 132?
112
Calculate the remainder when 115 is divided by 40.
35
What is the remainder when 436 is divided by 301?
135
What is the remainder when 667627 is divided by 221?
207
What is the remainder when 464 is divided by 86?
34
Calculate the remainder when 6147 is divided by 81.
72
What is the remainder when 22101 is divided by 257?
256
Calculate the remainder when 23345873 is divided by 18.
17
What is the remainder when 406 is divided by 369?
37
What is the remainder when 666 is divided by 203?
57
What is the remainder when 3288 is divided by 617?
203
What is the remainder when 1462 is divided by 353?
50
Calculate the remainder when 1012 is divided by 14.
4
Calculate the remainder when 1597 is divided by 784.
29
What is the remainder when 2078 is divided by 720?
638
What is the remainder when 543695 is divided by 94?
93
Calculate the remainder when 5750 is divided by 11.
8
Calculate the remainder when 5871 is divided by 988.
931
Calculate the remainder when 719945 is divided by 846.
845
Calculate the remainder when 7548 is divided by 2513.
9
Calculate the remainder when 16911 is divided by 651.
636
What is the remainder when 13930 is divided by 49?
14
Calculate the remainder when 670022 is divided by 54.
44
What is the remainder when 177510 is divided by 44377?
2
What is the remainder when 346215 is divided by 57?
54
What is the remainder when 696 is divided by 180?
156
What is the remainder when 6087 is divided by 613?
570
What is the remainder when 3058 is divided by 1697?
1361
Calculate the remainder when 976 is divided by 973.
3
Calculate the remainder when 2850526 is divided by 11.
8
What is the remainder when 182692 is divided by 30?
22
Calculate the remainder when 111995 is divided by 87.
26
Calculate the remainder when 1013 is divided by 229.
97
Calculate the remainder when 3890 is divided by 119.
82
Calculate the remainder when 2859 is divided by 1271.
317
What is the remainder when 62913 is divided by 196?
193
What is the remainder when 1505 is divided by 2?
1
Calculate the remainder when 2292 is divided by 211.
182
What is the remainder when 2422 is divided by 1163?
96
Calculate the remainder when 15663 is divided by 505.
8
What is the remainder when 2222 is divided by 77?
66
Calculate the remainder when 124015 is divided by 194.
49
Calculate the remainder when 651 is divided by 82.
77
Calculate the remainder when 3666 is divided by 49.
40
What is the remainder when 1285042 is divided by 133?
129
What is the remainder when 9567 is divided by 61?
51
Calculate the remainder when 15556 is divided by 915.
1
Calculate the remainder when 2114 is divided by 353.
349
What is the remainder when 76769 is divided by 486?
467
What is the remainder when 491 is divided by 9?
5
What is the remainder when 27648 is divided by 52?
36
What is the remainder when 2139 is divided by 454?
323
Calculate the remainder when 277 is divided by 196.
81
What is the remainder when 208011 is divided by 37?
34
Calculate the remainder when 5007 is divided by 2446.
115
Calculate the remainder when 27559 is divided by 80.
39
Calculate the remainder when 3726 is divided by 643.
511
Calculate the remainder when 23727 is divided by 789.
57
Calculate the remainder when 7976 is divided by 386.
256
What is the remainder when 566086 is divided by 548?
2
Calculate the remainder when 606563 is divided by 87.
86
Calculate the remainder when 2934 is divided by 1454.
26
What is the remainder when 21699 is divided by 199?
8
Calculate the remainder when 7721 is divided by 125.
96
What is the remainder when 26980 is divided by 95?
0
What is the remainder when 9628 is divided by 9626?
2
Calculate the remainder when 12587 is divided by 3107.
159
What is the remainder when 264376 is divided by 278?
276
Calculate the remainder when 19827 is divided by 18.
9
Calculate the remainder when 432 is divided by 32.
16
What is the remainder when 609345 is divided by 69?
6
What is the remainder when 789 is divided by 21?